- 1/2*r**2 + 0*r**3. Let t(x) be the first derivative of d(x). What is t(1)?
4
Let s(t) = 8*t - 7. Let y(l) = -l + 1. Let j(h) = 3*s(h) + 21*y(h). Let f(q) = q**2 + q - 3. Let r be f(3). Let p = -7 + r. What is j(p)?
6
Suppose 31 = -2*s + 5*s - 5*j, -j - 1 = 2*s. Let o(w) = 4*w - w + 0*w - w**s. Let d(i) = i**2 + 4*i - 8. Let c be d(-6). Determine o(c).
-4
Let w(q) = -5*q + 1. Let b be w(0). Let o(z) = -12*z + 1. Give o(b).
-11
Let x(l) = l**2 + 2*l - 4. Let w be x(2). Let k(g) = g**3 - 4*g**2 + 2. Calculate k(w).
2
Suppose -3*g = -4*g + 4, 7 = 5*f + 3*g. Let d(l) = -6*l - 1. Determine d(f).
5
Let j be 30/(-50) - (-6)/10. Let n(f) = f**2 - f + 14. Determine n(j).
14
Suppose -25 = -5*d - 0*d. Let u(k) = -5*k + 6. Let b(p) = -9*p + 12. Let f(s) = d*u(s) - 3*b(s). Suppose 18 = 4*x - x. Give f(x).
6
Let o(w) be the first derivative of w**3/3 - 2*w**2 - 7. Let r be (-4)/(-2) + 1 - -1. Suppose 4*x = 8 + r. What is o(x)?
-3
Let r(g) = -16*g**2 + 13*g - 3. Let v(n) = -5*n**2 + 4*n - 1. Let f(p) = 2*r(p) - 7*v(p). Calculate f(1).
2
Let c(j) be the first derivative of j**2/2 + 3*j + 1. Suppose -2 = 2*i + 2*a, 0*i + 2*i = -3*a + 2. Give c(i).
-2
Let n(t) = 7*t. Let y(w) = -10*w. Let x(a) = -7*n(a) - 5*y(a). Calculate x(2).
2
Let a(k) = 9*k**2 + 11*k + 21. Let i(n) = -5*n**2 - 6*n - 11. Let f(b) = 6*a(b) + 11*i(b). Suppose 4*p - 2 = p - g, -4*p - 2 = -g. Determine f(p).
5
Let z = -1 - -2. Let w(t) be the second derivative of -t**7/504 - t**4/4 - 7*t. Let l(q) be the third derivative of w(q). What is l(z)?
-5
Let c(i) = 4 + 2 - 2*i**2 - 5. Determine c(1).
-1
Let k(t) = -t**2 - 5*t + 6. Suppose 0 = 4*y + 29 - 5. Give k(y).
0
Let n = 1 - 4. Let p(l) = -9*l + l + 1 + 12*l + 3. Give p(n).
-8
Let b(x) = -x + 7. Let r be 5/2*(-38)/(-19). What is b(r)?
2
Let g(o) be the second derivative of -o**5/20 + 2*o**4/3 + 3*o**3/2 - o**2/2 - 8*o. What is g(9)?
-1
Let d(i) = -i**3 - 7*i**2 - 6*i - 6. Let n be d(-6). Let c = n + 8. Let l(a) = -a**3 - a + 2. Determine l(c).
-8
Suppose -8 = g - 3*g. Let l(b) = b**3 - 2*b**2 - 4*b - 3. Let z be l(g). Suppose -y = -6*y + 2*c - z, 0 = -5*y + c - 9. Let j(n) = 4*n**2 + 1. What is j(y)?
5
Let x = 3 + -5. Let v(p) be the third derivative of 0 + 1/30*p**5 - 2*p**2 - 1/3*p**3 + 0*p + 0*p**4. Give v(x).
6
Let w be 8/(-36) + (-4)/(-18). Let d(b) be the first derivative of b**2/2 - 7*b + 19. Give d(w).
-7
Let v = -18 + 20. Let h(g) be the third derivative of -1/120*g**6 - 2/3*g**3 - 3*g**v + 0*g + 0 + 1/12*g**4 + 1/12*g**5. Determine h(5).
6
Let i(w) = 2 - w - 5*w**2 - 1 - w. Let n be (-9)/(-6)*24/9. Suppose 2*u + 2 - n = 0. Calculate i(u).
-6
Let p = 2 - -1. Suppose -4*o - 5*z = 0, -p*o - 2*z = 2*o. Let j(t) = -10*t**2 - 10*t**2 - 7*t**2 + 26*t**2. Give j(o).
0
Let l = -3 - -10. Let x(b) = -3*b + 11*b - 4 + 8*b**2 - 2*b**2 + 2040*b**3 - 2041*b**3. Determine x(l).
3
Let h(m) be the second derivative of -m**5 + m**4/12 + m**3/6 - m**2/2 - 34*m. Give h(1).
-19
Let g = -19 + 23. Suppose 3*s + 0*o - 20 = g*o, -20 = 4*s + 4*o. Let z(u) = -u + 8. What is z(s)?
8
Let d(k) be the second derivative of -k**4/12 - 5*k**3/6 + 3*k**2/2 - 3*k. Suppose -3*j = 3*j + 30. Determine d(j).
3
Let b(o) = o + 8. Let r be b(-6). Let u(d) = 3 + 2*d**r - 1 - d**2. Calculate u(0).
2
Let m(g) = g. Let c(y) = -6*y + 4. Let o(r) = -c(r) - 5*m(r). Calculate o(3).
-1
Let z(u) = u**3 + u**2 + 2. Let g be (-36)/(-16)*-1 - (-1)/4. Determine z(g).
-2
Suppose 5 = 3*n - 4*h, -n - 2*h - 6 = -3*n. Let l(v) = v**2 - 9*v + 9. Calculate l(n).
-5
Let u = -8 - -5. Let x(w) be the second derivative of w**3/6 + 7*w**2/2 + 22*w. Determine x(u).
4
Let g(t) = -3*t**3 + t**2 - 1. Let f be ((-40)/(-6))/(1/(-3)). Let k be (-2)/5 + (-28)/f. Give g(k).
-3
Let l(o) = -1. Let w(n) = -3*n + 12. Let x = -24 - -12. Let b(j) = x*l(j) - w(j). Suppose 3*a - 19 = -4*g, g + 7 + 2 = 2*a. Give b(g).
3
Let u(f) = 2*f**2 + 6*f + 1. Suppose 0 = -4*y + 2*m - 26, -y + 3*m - 10 = 9. What is u(y)?
9
Let l(o) = -o**3 + 10*o**2 + 12*o - 5. Let u be l(11). Let h(g) = -g**3 + 6*g**2 + 2*g - 6. Determine h(u).
6
Let l(j) be the third derivative of j**7/840 + j**6/360 - j**5/30 - j**4/8 + 2*j**3/3 + 3*j**2. Let o(u) be the first derivative of l(u). Give o(-3).
-9
Let w(t) = t**2 + t. Let x(a) = -6*a**2 - 6*a + 4. Let s(q) = 5*w(q) + x(q). What is s(-3)?
-2
Let v(g) be the first derivative of 4*g - g**3 + 2 - 1/4*g**4 + 2*g**2. Calculate v(-4).
4
Let n(u) = -u**2 + u - 4. Suppose -b - 4*l - 20 = 0, -b + 4*l - 3*l + 5 = 0. Give n(b).
-4
Let c(h) be the second derivative of 2*h**3/3 - 7*h**2/2 - 26*h. Calculate c(5).
13
Let i(y) = y + 2. Let p(t) = -2*t - 9. Let d be p(-7). Suppose 0 = d*n + 3*g + 11, 0 = -2*n + 4*g - 4 - 16. Give i(n).
-2
Let m(p) be the first derivative of -p**2 - 5*p + 4. Let l be ((-4)/(-3))/((-3)/9). What is m(l)?
3
Let w(h) = -1 + 4*h + 6 - h + 3. Let g(z) = 7 - z + 2*z + z. Let k(i) = 4*g(i) - 3*w(i). What is k(6)?
-2
Let o(y) = -2*y + 7. Let v be 68/10 - (-17)/85. What is o(v)?
-7
Suppose 2*z + 5*t - 12 = 0, t = 3*z - 3 - 15. Suppose -z = 3*j - 4*j. Let n(f) = f**2 - 6*f - 1. Determine n(j).
-1
Let h(m) be the first derivative of 3*m**2/2 + 2*m + 2. Give h(-3).
-7
Suppose -7 = 3*i - 5*k, 1 = i + 2*k - 3*k. Let l(y) be the third derivative of 1/6*y**3 - 1/8*y**4 + 1/20*y**5 + 0 + 1/120*y**i + y**2 + 0*y. What is l(-4)?
-3
Let y be (12/(-10))/(3/(-10)). Let l(x) = x + 17*x**2 - 16*x**2 - y*x - 2*x. Determine l(5).
0
Suppose 2*h + 3*h = 20. Suppose -h = -o - 2. Let m(q) = q**o + 2*q**2 - q**2. What is m(1)?
2
Let h(a) be the first derivative of -a**4/4 + a**3/3 - a**2/2 - 3*a - 43. Determine h(0).
-3
Let v(x) be the second derivative of -x**5/20 + x**4/3 + 2*x**3/3 - 7*x**2/2 + 3*x - 3. Let q = -4 + 9. Give v(q).
-12
Suppose y - 5*t = -6 - 17, -2*y - t = -9. Let n(m) = -m + y + 3*m - 3. Give n(-5).
-11
Let g(y) = 4*y + 4. Let d = -112 - -117. Calculate g(d).
24
Let b(k) = 7*k - 14. Let i(d) = 13*d - 27. Let j(y) = 11*b(y) - 6*i(y). What is j(4)?
4
Let k(s) be the first derivative of s**7/840 - s**6/120 + s**5/60 - 7*s**3/3 + 2. Let t(l) be the third derivative of k(l). Determine t(3).
6
Let j(f) = 2*f**2 + f - 6. Let w(n) = -n**2 - 2*n + 8. Let d(l) = -3*l**2 - 6*l + 25. Let t(v) = 2*d(v) - 7*w(v). Let z(q) = -2*j(q) + 3*t(q). Determine z(5).
-11
Let j = 4 + -6. Let i = -2 + j. Let z = i + 3. Let n(c) = -2*c**3 + c**2 + c. What is n(z)?
2
Let k(x) = -x**3 + 3*x**2 + 3. Let i(v) = -v - 1. Let o(l) = 3*i(l) + k(l). Suppose -2*g = -b + 2, 3*b = 11 + 1. Let r be 2*(-1 - -2)*g. Determine o(r).
-2
Let n(o) = 2*o + 1. Let p be n(1). Let q(u) = 4 - 4 + 2 - p*u. Determine q(2).
-4
Let o(b) = -26*b + b**3 + 0 + 12*b - b**2 + 12*b - 1. What is o(2)?
-1
Let r(f) be the first derivative of -f**4/4 - 5*f**3/3 - f**2 - 7*f + 1. Let m be (-27)/(-18)*(-22)/3. Let a = m + 6. Determine r(a).
3
Suppose -4*l + 5*u = -30, 3*l - u - 11 = -3*u. Let w(p) = -5*p**3 + 8*p**2 + p - 2. Let g(i) = i**3 - i**2 + i + 1. Let h(n) = 4*g(n) + w(n). What is h(l)?
2
Let j be (-32)/(-5) - 2/5. Let f be 9/j*16/6. Let w(l) = -f + 3 + 2 + 2*l. Calculate w(1).
3
Let o be -8*(-1 - (-1)/2). Let v be (o/(-6))/(2/(-9)). Let p(g) = 0*g + 3 - v*g + 2. Determine p(4).
-7
Let f = 0 - -5. Let b(g) = -26*g - 12. Let i(l) = -5*l - 2. Let t(n) = 3*b(n) - 16*i(n). Calculate t(f).
6
Let v(r) = 2*r**2 + 2*r - 2. Let w(q) = -7*q**3 - 1. Let p be w(-2). Let h be (-2)/8 - p/20. Give v(h).
10
Let c(b) = -b**2 - 2*b. Suppose 0 = 3*d - d. Suppose -1 = 2*x + 1. Let s = d + x. Calculate c(s).
1
Let v(t) be the second derivative of 2*t + t**2 - 1/3*t**3 + 0. Suppose -2*o = -6, -3*i + 21 = 5*o - 3*o. Calculate v(i).
-8
Let o(f) = 8*f**2 + 2*f + 10. Let q(r) = -5*r**3 - 1. Let x be q(1). Let y(g) = -7*g**2 - 2*g - 9. Let b(n) = x*o(n) - 7*y(n). What is b(-3)?
6
Let y = -3 + 6. Let d be -1*(-2 + 4 - y). Let w(v) = -4*v**3 + v. Determine w(d).
-3
Let p(b) = b**2 - 5*b - 1. Let l be 0 + (6 - 3) - -3. Suppose 4 = 2*g - l. Determine p(g).
-1
Let g(h) be the second derivative of -h**3/6 + h**2/2 + 4*h. Let k = 5 + -4. Let b = -2 + k. Give g(b).
2
Let x(o) = -6*o**3 + 4*o**2 + o - 1. Let h(j) = -j**3 - j**2. Let q(r) = 3*h(r) + x(r). Give q(1).
-8
Let f(y) = -y + 4. Let p be 2/10 + 3/(30/38). Calculate f(p).
0
Let t(f) = -5*f**2 - 14 + 2*f**3 - 3*f**3 + 7. Calculate